{"id":2142,"date":"2025-11-14T13:12:03","date_gmt":"2025-11-14T10:12:03","guid":{"rendered":"https:\/\/fideshealth.com\/fertijin\/?page_id=2142"},"modified":"2025-11-27T14:51:24","modified_gmt":"2025-11-27T11:51:24","slug":"iletisim","status":"publish","type":"page","link":"https:\/\/fideshealth.com\/fertijin\/iletisim\/","title":{"rendered":"\u0130leti\u015fim"},"content":{"rendered":"\t\t<div data-elementor-type=\"wp-page\" data-elementor-id=\"2142\" class=\"elementor elementor-2142\" data-elementor-post-type=\"page\">\n\t\t\t\t<div class=\"elementor-element elementor-element-c718911 e-con-full e-flex e-con e-parent\" data-id=\"c718911\" data-element_type=\"container\" data-settings=\"{&quot;background_background&quot;:&quot;classic&quot;}\">\n\t\t<div class=\"elementor-element elementor-element-12eb12c e-con-full e-flex e-con e-child\" data-id=\"12eb12c\" data-element_type=\"container\">\n\t\t\t\t<div class=\"elementor-element elementor-element-6117c71e elementor-widget elementor-widget-ucaddon_breadcrumbs_widget\" data-id=\"6117c71e\" data-element_type=\"widget\" data-widget_type=\"ucaddon_breadcrumbs_widget.default\">\n\t\t\t\t<div class=\"elementor-widget-container\">\n\t\t\t\t\t\n<!-- start Breadcrumbs -->\n\t\t<link id='font-awesome-css' href='https:\/\/fideshealth.com\/fertijin\/wp-content\/plugins\/unlimited-elements-for-elementor-premium\/assets_libraries\/font-awesome6\/fontawesome-all.min.css' type='text\/css' rel='stylesheet' >\n\t\t<link id='font-awesome-4-shim-css' href='https:\/\/fideshealth.com\/fertijin\/wp-content\/plugins\/unlimited-elements-for-elementor-premium\/assets_libraries\/font-awesome6\/fontawesome-v4-shims.min.css' type='text\/css' rel='stylesheet' >\n\n<style>\/* widget: Breadcrumbs *\/\n\n#uc_breadcrumbs_widget_elementor_6117c71e .uc-breadcrumbs-list {\n  margin: 0;\n  padding: 0;\n  display: flex;\n  flex-wrap: wrap;\n}\n#uc_breadcrumbs_widget_elementor_6117c71e .uc-breadcrumbs-list li {\n  display: flex;\n  align-items: center;\n  list-style-type: none;\n}\n#uc_breadcrumbs_widget_elementor_6117c71e .uc-item-title {\n    position: relative;\n    display: inline-flex;\n    justify-content: center;\n    align-items: center;\n}\n#uc_breadcrumbs_widget_elementor_6117c71e .uc-item-title-inner{\n  display: flex;\n  align-items: center;\n}\n\n\n\n\n\n\n\n<\/style>\n\n\n    \t\n            <div id=\"uc_breadcrumbs_widget_elementor_6117c71e\" class=\"uc-breadcrumbs\">\n            <ul class=\"uc-breadcrumbs-list advanced\">\n                                                            <li class=\"uc-breadcrumb-item\">\n                            <a href=\"https:\/\/fideshealth.com\/fertijin\/\" class=\"uc-item-title\">\n                              <span class=\"uc-item-title-inner\">\n                                                                                                Ana Sayfa\n                              <\/span>\n                            <\/a>\n                                                    <\/li>              \t\t    \n                                                <\/ul>\n        <\/div>\n\n            \n          <script type=\"application\/ld+json\">\n          {\n            \"@context\": \"https:\/\/schema.org\",\n            \"@type\": \"BreadcrumbList\",\n            \"itemListElement\": [\n                                                {\n                    \"@type\": \"ListItem\",\n                    \"position\": 1,\n                    \"name\": \"Ana Sayfa\",\n                    \"item\": \"https:\/\/fideshealth.com\/fertijin\/\"\n                  },\n                                          ]\n          }\n          <\/script>\n            \n<!-- end Breadcrumbs -->\t\t\t\t<\/div>\n\t\t\t\t<\/div>\n\t\t\t\t<\/div>\n\t\t\t\t<\/div>\n\t\t<div class=\"elementor-element elementor-element-144a32b6 e-con-full e-flex e-con e-parent\" data-id=\"144a32b6\" data-element_type=\"container\">\n\t\t\t\t<div class=\"elementor-element elementor-element-5ba9b367 elementor-widget elementor-widget-heading\" data-id=\"5ba9b367\" data-element_type=\"widget\" data-widget_type=\"heading.default\">\n\t\t\t\t\t<h1 class=\"elementor-heading-title elementor-size-default\">\u0130leti\u015fim<\/h1>\t\t\t\t<\/div>\n\t\t<div class=\"elementor-element elementor-element-38e499bc e-con-full e-flex e-con e-child\" data-id=\"38e499bc\" data-element_type=\"container\">\n\t\t<div class=\"elementor-element elementor-element-3ef34c5f e-con-full e-flex e-con e-child\" data-id=\"3ef34c5f\" data-element_type=\"container\" data-settings=\"{&quot;background_background&quot;:&quot;classic&quot;}\">\n\t\t<div class=\"elementor-element elementor-element-483c6c8 e-con-full e-flex e-con e-child\" data-id=\"483c6c8\" data-element_type=\"container\" data-settings=\"{&quot;background_background&quot;:&quot;classic&quot;,&quot;sticky&quot;:&quot;top&quot;,&quot;sticky_offset&quot;:100,&quot;sticky_parent&quot;:&quot;yes&quot;,&quot;sticky_on&quot;:[&quot;widescreen&quot;,&quot;desktop&quot;,&quot;laptop&quot;,&quot;tablet_extra&quot;,&quot;tablet&quot;,&quot;mobile_extra&quot;,&quot;mobile&quot;],&quot;sticky_effects_offset&quot;:0,&quot;sticky_anchor_link_offset&quot;:0}\">\n\t\t\t\t<div class=\"elementor-element elementor-element-9bb78cf elementor-widget elementor-widget-heading\" data-id=\"9bb78cf\" data-element_type=\"widget\" data-widget_type=\"heading.default\">\n\t\t\t\t\t<div class=\"elementor-heading-title elementor-size-default\">Bilgilerimiz<\/div>\t\t\t\t<\/div>\n\t\t\t\t<div class=\"elementor-element elementor-element-8f338c9 elementor-icon-list--layout-traditional elementor-list-item-link-full_width elementor-widget elementor-widget-icon-list\" data-id=\"8f338c9\" data-element_type=\"widget\" data-widget_type=\"icon-list.default\">\n\t\t\t\t\t\t\t<ul class=\"elementor-icon-list-items\">\n\t\t\t\t\t\t\t<li class=\"elementor-icon-list-item\">\n\t\t\t\t\t\t\t\t\t\t\t<span class=\"elementor-icon-list-icon\">\n\t\t\t\t\t\t\t<svg aria-hidden=\"true\" class=\"e-font-icon-svg e-fas-map-pin\" viewBox=\"0 0 288 512\" xmlns=\"http:\/\/www.w3.org\/2000\/svg\"><path d=\"M112 316.94v156.69l22.02 33.02c4.75 7.12 15.22 7.12 19.97 0L176 473.63V316.94c-10.39 1.92-21.06 3.06-32 3.06s-21.61-1.14-32-3.06zM144 0C64.47 0 0 64.47 0 144s64.47 144 144 144 144-64.47 144-144S223.53 0 144 0zm0 76c-37.5 0-68 30.5-68 68 0 6.62-5.38 12-12 12s-12-5.38-12-12c0-50.73 41.28-92 92-92 6.62 0 12 5.38 12 12s-5.38 12-12 12z\"><\/path><\/svg>\t\t\t\t\t\t<\/span>\n\t\t\t\t\t\t\t\t\t\t<span class=\"elementor-icon-list-text\">Nisbetiye Caddesi Bebek Yoku\u015fu Sokak No: 6 Etiler - Be\u015fikta\u015f \/ \u0130STANBUL<\/span>\n\t\t\t\t\t\t\t\t\t<\/li>\n\t\t\t\t\t\t\t\t<li class=\"elementor-icon-list-item\">\n\t\t\t\t\t\t\t\t\t\t\t<span class=\"elementor-icon-list-icon\">\n\t\t\t\t\t\t\t<svg aria-hidden=\"true\" class=\"e-font-icon-svg e-fas-phone-alt\" viewBox=\"0 0 512 512\" xmlns=\"http:\/\/www.w3.org\/2000\/svg\"><path d=\"M497.39 361.8l-112-48a24 24 0 0 0-28 6.9l-49.6 60.6A370.66 370.66 0 0 1 130.6 204.11l60.6-49.6a23.94 23.94 0 0 0 6.9-28l-48-112A24.16 24.16 0 0 0 122.6.61l-104 24A24 24 0 0 0 0 48c0 256.5 207.9 464 464 464a24 24 0 0 0 23.4-18.6l24-104a24.29 24.29 0 0 0-14.01-27.6z\"><\/path><\/svg>\t\t\t\t\t\t<\/span>\n\t\t\t\t\t\t\t\t\t\t<span class=\"elementor-icon-list-text\">+90 212 287 57 75 (pbx)<\/span>\n\t\t\t\t\t\t\t\t\t<\/li>\n\t\t\t\t\t\t\t\t<li class=\"elementor-icon-list-item\">\n\t\t\t\t\t\t\t\t\t\t\t<span class=\"elementor-icon-list-icon\">\n\t\t\t\t\t\t\t<svg aria-hidden=\"true\" class=\"e-font-icon-svg e-far-envelope\" viewBox=\"0 0 512 512\" xmlns=\"http:\/\/www.w3.org\/2000\/svg\"><path d=\"M464 64H48C21.49 64 0 85.49 0 112v288c0 26.51 21.49 48 48 48h416c26.51 0 48-21.49 48-48V112c0-26.51-21.49-48-48-48zm0 48v40.805c-22.422 18.259-58.168 46.651-134.587 106.49-16.841 13.247-50.201 45.072-73.413 44.701-23.208.375-56.579-31.459-73.413-44.701C106.18 199.465 70.425 171.067 48 152.805V112h416zM48 400V214.398c22.914 18.251 55.409 43.862 104.938 82.646 21.857 17.205 60.134 55.186 103.062 54.955 42.717.231 80.509-37.199 103.053-54.947 49.528-38.783 82.032-64.401 104.947-82.653V400H48z\"><\/path><\/svg>\t\t\t\t\t\t<\/span>\n\t\t\t\t\t\t\t\t\t\t<span class=\"elementor-icon-list-text\">fertijin@fertijin.com.tr<\/span>\n\t\t\t\t\t\t\t\t\t<\/li>\n\t\t\t\t\t\t<\/ul>\n\t\t\t\t\t\t<\/div>\n\t\t\t\t<\/div>\n\t\t\t\t<\/div>\n\t\t<div class=\"elementor-element elementor-element-73579086 e-con-full e-flex e-con e-child\" data-id=\"73579086\" data-element_type=\"container\" data-settings=\"{&quot;background_background&quot;:&quot;classic&quot;}\">\n\t\t\t\t<div class=\"elementor-element elementor-element-248fea3 elementor-widget elementor-widget-text-editor\" data-id=\"248fea3\" data-element_type=\"widget\" data-widget_type=\"text-editor.default\">\n\t\t\t\t\t\t\t\t\t<h2 data-start=\"140\" data-end=\"190\">Biz Buraday\u0131z, Size Yard\u0131m Etmek \u0130\u00e7in Haz\u0131r\u0131z<\/h2><p data-start=\"192\" data-end=\"425\">FertiJin T\u00fcp Bebek Merkezi olarak, akl\u0131n\u0131zdaki t\u00fcm sorulara yan\u0131t vermek ve size en do\u011fru deste\u011fi sunmak i\u00e7in buraday\u0131z. Tedavi s\u00fcreci, randevu talebi ya da merak etti\u011finiz herhangi bir konu\u2026 Ne olursa olsun, bize yazman\u0131z yeterli.<\/p><p data-start=\"427\" data-end=\"536\">A\u015fa\u011f\u0131daki formu doldurun; uzman ekibimiz en k\u0131sa s\u00fcrede sizinle ileti\u015fime ge\u00e7sin.<br data-start=\"508\" data-end=\"511\" \/><strong data-start=\"511\" data-end=\"536\">Sizin i\u00e7in buraday\u0131z.<\/strong><\/p>\t\t\t\t\t\t\t\t<\/div>\n\t\t\t\t<div class=\"elementor-element elementor-element-c3933a3 elementor-button-align-stretch elementor-widget elementor-widget-form\" data-id=\"c3933a3\" data-element_type=\"widget\" data-settings=\"{&quot;step_next_label&quot;:&quot;Next&quot;,&quot;step_previous_label&quot;:&quot;Previous&quot;,&quot;button_width&quot;:&quot;100&quot;,&quot;step_type&quot;:&quot;number_text&quot;,&quot;step_icon_shape&quot;:&quot;circle&quot;}\" data-widget_type=\"form.default\">\n\t\t\t\t\t\t\t<form class=\"elementor-form\" method=\"post\" name=\"New Form\" aria-label=\"New Form\">\n\t\t\t<input type=\"hidden\" name=\"post_id\" value=\"2142\"\/>\n\t\t\t<input type=\"hidden\" name=\"form_id\" value=\"c3933a3\"\/>\n\t\t\t<input type=\"hidden\" name=\"referer_title\" value=\"\" \/>\n\n\t\t\t\n\t\t\t<div class=\"elementor-form-fields-wrapper elementor-labels-above\">\n\t\t\t\t\t\t\t\t<div class=\"elementor-field-type-text elementor-field-group elementor-column elementor-field-group-field_48531e4 elementor-col-50 elementor-field-required\">\n\t\t\t\t\t\t\t\t\t\t\t\t\t<input size=\"1\" type=\"text\" name=\"form_fields[field_48531e4]\" id=\"form-field-field_48531e4\" class=\"elementor-field elementor-size-sm  elementor-field-textual\" placeholder=\"Ad\u0131n\u0131z\" required=\"required\">\n\t\t\t\t\t\t\t\t\t\t\t<\/div>\n\t\t\t\t\t\t\t\t<div class=\"elementor-field-type-text elementor-field-group elementor-column elementor-field-group-name elementor-col-50 elementor-field-required\">\n\t\t\t\t\t\t\t\t\t\t\t\t\t<input size=\"1\" type=\"text\" name=\"form_fields[name]\" id=\"form-field-name\" class=\"elementor-field elementor-size-sm  elementor-field-textual\" placeholder=\"Soyad\u0131n\u0131z\" required=\"required\">\n\t\t\t\t\t\t\t\t\t\t\t<\/div>\n\t\t\t\t\t\t\t\t<div class=\"elementor-field-type-email elementor-field-group elementor-column elementor-field-group-email elementor-col-50 elementor-field-required\">\n\t\t\t\t\t\t\t\t\t\t\t\t\t<input size=\"1\" type=\"email\" name=\"form_fields[email]\" id=\"form-field-email\" class=\"elementor-field elementor-size-sm  elementor-field-textual\" placeholder=\"E-Posta Adresiniz\" required=\"required\">\n\t\t\t\t\t\t\t\t\t\t\t<\/div>\n\t\t\t\t\t\t\t\t<div class=\"elementor-field-type-tel elementor-field-group elementor-column elementor-field-group-field_c3edc58 elementor-col-50 elementor-field-required\">\n\t\t\t\t\t\t\t<input size=\"1\" type=\"tel\" name=\"form_fields[field_c3edc58]\" id=\"form-field-field_c3edc58\" class=\"elementor-field elementor-size-sm  elementor-field-textual\" placeholder=\"Telefon Numaran\u0131z\" required=\"required\" pattern=\"[0-9()#&amp;+*-=.]+\" title=\"Only numbers and phone characters (#, -, *, etc) are accepted.\">\n\n\t\t\t\t\t\t<\/div>\n\t\t\t\t\t\t\t\t<div class=\"elementor-field-type-textarea elementor-field-group elementor-column elementor-field-group-message elementor-col-100\">\n\t\t\t\t\t<textarea class=\"elementor-field-textual elementor-field  elementor-size-sm\" name=\"form_fields[message]\" id=\"form-field-message\" rows=\"4\" placeholder=\"Mesaj\u0131n\u0131z\"><\/textarea>\t\t\t\t<\/div>\n\t\t\t\t\t\t\t\t<div class=\"elementor-field-group elementor-column elementor-field-type-submit elementor-col-100 e-form__buttons\">\n\t\t\t\t\t<button class=\"elementor-button elementor-size-sm\" type=\"submit\">\n\t\t\t\t\t\t<span class=\"elementor-button-content-wrapper\">\n\t\t\t\t\t\t\t\t\t\t\t\t\t\t\t\t\t\t\t\t\t\t<span class=\"elementor-button-text\">G\u00f6nder<\/span>\n\t\t\t\t\t\t\t\t\t\t\t\t\t<\/span>\n\t\t\t\t\t<\/button>\n\t\t\t\t<\/div>\n\t\t\t<\/div>\n\t\t<\/form>\n\t\t\t\t\t\t<\/div>\n\t\t\t\t<div class=\"elementor-element elementor-element-b69fc51 elementor-widget elementor-widget-google_maps\" data-id=\"b69fc51\" data-element_type=\"widget\" data-widget_type=\"google_maps.default\">\n\t\t\t\t\t\t\t<div class=\"elementor-custom-embed\">\n\t\t\t<iframe loading=\"lazy\"\n\t\t\t\t\tsrc=\"https:\/\/maps.google.com\/maps?q=fertijin%20&#038;t=m&#038;z=12&#038;output=embed&#038;iwloc=near\"\n\t\t\t\t\ttitle=\"fertijin \"\n\t\t\t\t\taria-label=\"fertijin \"\n\t\t\t><\/iframe>\n\t\t<\/div>\n\t\t\t\t\t\t<\/div>\n\t\t\t\t<\/div>\n\t\t\t\t<\/div>\n\t\t<div class=\"elementor-element elementor-element-f02d2b9 e-con-full e-flex e-con e-child\" data-id=\"f02d2b9\" data-element_type=\"container\" id=\"randevu-al\" data-settings=\"{&quot;background_background&quot;:&quot;classic&quot;,&quot;background_motion_fx_motion_fx_scrolling&quot;:&quot;yes&quot;,&quot;background_motion_fx_devices&quot;:[&quot;widescreen&quot;,&quot;desktop&quot;,&quot;laptop&quot;,&quot;tablet_extra&quot;,&quot;tablet&quot;,&quot;mobile_extra&quot;,&quot;mobile&quot;]}\">\n\t\t<div class=\"elementor-element elementor-element-17c65c56 e-con-full e-flex e-con e-child\" data-id=\"17c65c56\" data-element_type=\"container\">\n\t\t<div class=\"elementor-element elementor-element-2d2b3182 e-con-full e-flex e-con e-child\" data-id=\"2d2b3182\" data-element_type=\"container\">\n\t\t<div class=\"elementor-element elementor-element-59c0ccff e-con-full e-flex e-con e-child\" data-id=\"59c0ccff\" data-element_type=\"container\">\n\t\t\t\t<div class=\"elementor-element elementor-element-72362c phone elementor-view-default elementor-widget elementor-widget-icon\" data-id=\"72362c\" data-element_type=\"widget\" data-widget_type=\"icon.default\">\n\t\t\t\t\t\t\t<div class=\"elementor-icon-wrapper\">\n\t\t\t<div class=\"elementor-icon\">\n\t\t\t<svg xmlns=\"http:\/\/www.w3.org\/2000\/svg\" id=\"katman_1\" data-name=\"katman 1\" viewBox=\"0 0 384 384\"><g><path d=\"M212.01,280.32c6.5-.73,24.17-.98,29.94,1.1,3.56,1.28,7.1,5.85,7.63,9.58.73,5.14.62,22.57-1.3,26.97-1.63,3.74-5.38,6.48-9.49,6.98-4.99.61-27.53.61-31.68-.6-4.93-1.44-7.9-6.04-8.46-11-.5-4.4-.6-19.62.33-23.59,1.46-6.28,7.23-8.78,13.02-9.44ZM211.41,293.55v18.68h25.49v-18.68h-25.49Z\"><\/path><path d=\"M208.21,223.5c5.07-.92,25.95-.86,31.25-.11,4.75.67,9.4,5.36,10.14,10.07.67,4.26.61,18.72.06,23.13-.69,5.65-5.2,10.18-10.89,10.82-6.61.74-22.6.71-29.25,0-5.28-.56-10-4.85-10.82-10.13-.63-4.01-.63-19.8,0-23.82.68-4.35,5.07-9.15,9.5-9.96ZM211.41,236.02v18.68h25.49v-18.68h-25.49Z\"><\/path><path d=\"M275.73,280.31c5.46-.66,17.72-.75,22.84.74s8.25,6.28,8.82,11.38c.53,4.7.57,16.99-.07,21.6-.82,5.92-5.7,10.27-11.55,10.9-4.97.54-17.56.59-22.43-.07-3.38-.46-7.7-3.45-9.34-6.38-2.23-4-2.07-19.52-1.63-24.58.74-8.49,4.98-12.58,13.36-13.59ZM275.15,293.55v18.68h19.5v-18.68h-19.5Z\"><\/path><path d=\"M266.41,226.57c.74-.69,3.51-2.38,4.44-2.68,3.2-1.03,22.56-1.12,26.37-.52,5.12.8,9.41,5.86,10.1,10.85.63,4.55.59,21.25-.84,25.18-1.42,3.91-5.01,7.33-9.28,7.94s-22.98.59-26.35-.51c-2.93-.95-6.19-4.04-7.31-6.91-1.81-4.63-1.85-24.51-.01-29.13.37-.94,2.17-3.55,2.89-4.22ZM275.15,236.02v18.68h19.5v-18.68h-19.5Z\"><\/path><path d=\"M247.89,346.11c4.59,4.58.5,10.28-5.36,10.94-7.57.86-30.04.97-37.42-.07-8.56-1.2-8.38-11.75-.85-12.67,7.86-.96,31.94-.96,39.8,0,1.41.17,2.84.8,3.83,1.79Z\"><\/path><path d=\"M205.26,50.96c36.32-2.59,73.33-1.25,93.26,33.65,23.28,40.75-3.13,95.97-50.75,99.86-17.59,1.44-50.21,1.64-66.1-5.09-64.49-27.32-48.77-123.25,23.6-128.41ZM278.63,79.39c-18.14-18.08-46.39-17.42-70.59-15.94-73.04,4.44-68.68,103.59-5.29,108.35,13.04.98,42.77,1.29,54.55-2.49,38.21-12.25,49.73-61.62,21.33-89.92Z\"><\/path><path d=\"M190.18,110c3.04,2.77,1.39,12.24,1.75,16.56.72,8.69,4.91,16.62,13.82,19.1,5.17,1.44,27.8,1.39,33.78.71,10.48-1.18,16.05-10.12,16.86-19.81.46-5.55-2.57-17.74,5.68-18.27,11.22-.71,6.96,24.4,4.66,30.81-3.35,9.29-13.99,18.14-23.79,19.63-8.77,1.34-36.13,1.25-43.92-1.89-16.63-6.69-21.74-24.91-19.85-41.48.67-5.88,6.41-9.55,11.01-5.36Z\"><\/path><path d=\"M200.4,106.53c-.92-.84-1.61-2.58-1.77-3.84-.49-3.98-.53-17.08.08-20.91,1.1-6.94,11.24-7.03,12.53.14.65,3.63.71,17.05.14,20.7-.8,5.08-7.07,7.46-10.97,3.91Z\"><\/path><path d=\"M247.92,106.53c-3.9,3.54-10.16,1.17-10.97-3.91-.58-3.65-.51-17.07.14-20.7,1.28-7.17,11.42-7.07,12.53-.14.61,3.83.56,16.93.08,20.91-.15,1.26-.85,3-1.77,3.84Z\"><\/path><path d=\"M338.89,160.93c-1.62-1.5-5.65-3.32-6.01-5.21l-.51-141.45c-3.77-13.92-21.65-19.2-32.21-8.84-1.44,1.41-5.52,8.11-5.52,9.82v21.29c-11.68-5.46-24.05-10.27-37.12-11.2-18.57-1.32-46.57-1.17-65.22,0-44.05,2.77-78.4,38.54-76.86,82.93-11.07-1.73-23.87,4.24-25.43,16.12-2.33,17.67,1.34,40.44.27,58.63,3.19,11.62,13.95,15.54,25.17,14.9v12.7h-10.88c-4.75,0-11.84,7.61-13.49,11.97-.35.92-.62,2.26-.83,3.84,4.51-.83,9.15-1.28,13.9-1.31,2.57-2.8,7.93-1.57,11.29-1.79v2.53c4.37.59,8.63,1.52,12.75,2.8v-18.03h191.95v98.25c0,32.33-34.2,59.17-64.82,60.93-22.25,1.28-68.22,2.53-87.66-6.12-2.13-.95-4.27-2.1-6.39-3.42-3.13,3.18-6.53,6.09-10.15,8.71,11,7.47,23.75,12.32,37.06,13.49,22.95,2,47.33,2.11,71.98,0,32.01-3.81,59.72-25.22,69.18-56.21,7.1-23.28,1.99-50.58,3.54-74.75,31.6-22.07,34.38-64.25,6.02-90.57ZM332.88,173.26c16.95,15.59,17.08,45.74,0,61.26v-61.26ZM115.43,184.47c-6.22-.08-12.06,1.59-12.78-6.31-1.51-16.5,1.07-35.43.19-52.18,1.87-5.61,7.6-5.2,12.59-5.01v63.5ZM307.35,19.7c.5-5.42,5.31-9.41,10.17-5.58.62.48,2.61,2.9,2.61,3.37v43.71l-12.02-13.8c-1.23-2.6-1.14-23.6-.76-27.7ZM320.14,197.92h-191.95v-98.99c0-21.47,20.46-46.35,39.47-54.81,19.12-8.5,65.03-7.41,86.9-6.12,35.52,2.11,63.32,28.13,65.61,63.88l-.03,96.04Z\"><\/path><path d=\"M184.8,230.79c-.37-.94-2.17-3.55-2.89-4.22-.74-.69-3.51-2.38-4.44-2.68-3.2-1.03-22.56-1.12-26.37-.52-5.03.78-9.24,5.67-10.05,10.58,4.48,2.31,8.7,5.04,12.63,8.13v-6.05h19.5v18.68h-6.69c3.15,3.9,5.94,8.11,8.32,12.57,1.2-.12,2.14-.27,2.68-.44,2.93-.95,6.19-4.04,7.31-6.91,1.81-4.63,1.85-24.51.01-29.13Z\"><\/path><\/g><g><path d=\"M145.88,372c3.2-1.5,11.26-8.57,11.26-8.57,35.76-31.93,35.59-87.79-1.16-119.04-11.66-9.92-25.23-15.28-40.15-18.39l-11.2-.28c-56.7-.02-95.01,57.67-72.65,109.98.98,2.29,3.43,7.62,4.81,9.39,2.77,3.58,7.04-3.32,10.84-3.71-24.34-38.18-5.67-89.55,38.25-101.87,62.65-17.57,112,53.76,73.06,105.55-25.39,33.76-75.38,35.83-104.29,5.34l-8.51,7.04c10.02,10.99,23.18,19.1,37.67,22.96,3.66.97,9.71,2.79,13.32,2.79,20.51,0,37.43-5.89,48.75-11.2Z\"><\/path><path d=\"M118.13,291.39h-19.88c-19.34,0-28.47,25.03-15.37,38.43,1.78,1.82,9.39,6.35,11.62,6.35h43.88v11.2h-44.62c-5.87,0-17.16-7.41-20.94-12-17.27-21-2.34-55.17,25.44-55.17h19.12l-9.74-10.08,7.86-7.82,23.57,23.6-22.92,23.35-7.72-7.68,9.7-10.18Z\"><\/path><path d=\"M60.11,264.62l10.44.62-.38,10.87-10.96-.35c-.27-2.18-1.29-10.42.9-11.14Z\"><\/path><\/g><\/svg>\t\t\t<\/div>\n\t\t<\/div>\n\t\t\t\t\t\t<\/div>\n\t\t\t\t<\/div>\n\t\t<div class=\"elementor-element elementor-element-4283b2db e-con-full e-flex e-con e-child\" data-id=\"4283b2db\" data-element_type=\"container\">\n\t\t\t\t<div class=\"elementor-element elementor-element-251221c4 elementor-widget elementor-widget-heading\" data-id=\"251221c4\" data-element_type=\"widget\" data-widget_type=\"heading.default\">\n\t\t\t\t\t<p class=\"elementor-heading-title elementor-size-default\">Sizi Arayal\u0131m!<\/p>\t\t\t\t<\/div>\n\t\t\t\t<div class=\"elementor-element elementor-element-2d267579 elementor-widget elementor-widget-heading\" data-id=\"2d267579\" data-element_type=\"widget\" data-widget_type=\"heading.default\">\n\t\t\t\t\t<span class=\"elementor-heading-title elementor-size-default\">Akl\u0131n\u0131zdaki t\u00fcm sorular i\u00e7in buraday\u0131z. <\/br>Numaran\u0131z\u0131 b\u0131rak\u0131n biz sizi arayal\u0131m.<\/span>\t\t\t\t<\/div>\n\t\t\t\t<\/div>\n\t\t\t\t<\/div>\n\t\t\t\t<div class=\"elementor-element elementor-element-296a8a74 elementor-button-align-stretch elementor-widget elementor-widget-form\" data-id=\"296a8a74\" data-element_type=\"widget\" data-settings=\"{&quot;button_width&quot;:&quot;33&quot;,&quot;step_next_label&quot;:&quot;Next&quot;,&quot;step_previous_label&quot;:&quot;Previous&quot;,&quot;step_type&quot;:&quot;number_text&quot;,&quot;step_icon_shape&quot;:&quot;circle&quot;}\" data-widget_type=\"form.default\">\n\t\t\t\t\t\t\t<form class=\"elementor-form\" method=\"post\" name=\"sizi arayal\u0131m\" aria-label=\"sizi arayal\u0131m\">\n\t\t\t<input type=\"hidden\" name=\"post_id\" value=\"2142\"\/>\n\t\t\t<input type=\"hidden\" name=\"form_id\" value=\"296a8a74\"\/>\n\t\t\t<input type=\"hidden\" name=\"referer_title\" value=\"\" \/>\n\n\t\t\t\n\t\t\t<div class=\"elementor-form-fields-wrapper elementor-labels-above\">\n\t\t\t\t\t\t\t\t<div class=\"elementor-field-type-text elementor-field-group elementor-column elementor-field-group-name elementor-col-33\">\n\t\t\t\t\t\t\t\t\t\t\t\t<label for=\"form-field-name\" class=\"elementor-field-label\">\n\t\t\t\t\t\t\t\tAd-soyad\t\t\t\t\t\t\t<\/label>\n\t\t\t\t\t\t\t\t\t\t\t\t\t\t<input size=\"1\" type=\"text\" name=\"form_fields[name]\" id=\"form-field-name\" class=\"elementor-field elementor-size-sm  elementor-field-textual\" placeholder=\"Ad\u0131n\u0131z Soyad\u0131n\u0131z\">\n\t\t\t\t\t\t\t\t\t\t\t<\/div>\n\t\t\t\t\t\t\t\t<div class=\"elementor-field-type-tel elementor-field-group elementor-column elementor-field-group-email elementor-col-33 elementor-field-required\">\n\t\t\t\t\t\t\t\t\t\t\t\t<label for=\"form-field-email\" class=\"elementor-field-label\">\n\t\t\t\t\t\t\t\ttelefon\t\t\t\t\t\t\t<\/label>\n\t\t\t\t\t\t<span class=\"ccfef-editor-intl-input\" data-id=\"form-field-email\" data-field-id=\"83bc513\" data-default-country=\"tr\" data-include-countries=\"\" data-exclude-countries=\"\" data-dial-code-visibility=\"\" data-strict-mode=\"yes\" style=\"display: none;\"><\/span>\t\t<input size=\"1\" type=\"tel\" name=\"form_fields[email]\" id=\"form-field-email\" class=\"elementor-field elementor-size-sm  elementor-field-textual\" placeholder=\"Telefon Numaran\u0131z\" required=\"required\" pattern=\"[0-9()#&amp;+*-=.]+\" title=\"Only numbers and phone characters (#, -, *, etc) are accepted.\">\n\n\t\t\t\t\t\t<\/div>\n\t\t\t\t\t\t\t\t<div class=\"elementor-field-group elementor-column elementor-field-type-submit elementor-col-33 e-form__buttons\">\n\t\t\t\t\t<button class=\"elementor-button elementor-size-sm\" type=\"submit\">\n\t\t\t\t\t\t<span class=\"elementor-button-content-wrapper\">\n\t\t\t\t\t\t\t\t\t\t\t\t\t\t\t\t\t\t\t\t\t\t<span class=\"elementor-button-text\">G\u00f6nder<\/span>\n\t\t\t\t\t\t\t\t\t\t\t\t\t<\/span>\n\t\t\t\t\t<\/button>\n\t\t\t\t<\/div>\n\t\t\t<\/div>\n\t\t<\/form>\n\t\t\t\t\t\t<\/div>\n\t\t\t\t<\/div>\n\t\t\t\t<\/div>\n\t\t\t\t<\/div>\n\t\t\t\t<\/div>\n\t\t","protected":false},"excerpt":{"rendered":"<p>Ana Sayfa \u00bb Blog \u00bb Parent Category \u00bb Category \u00bb Page Title Bilgilerimiz Nisbetiye Caddesi Bebek Yoku\u015fu Sokak No: 6 Etiler &#8211; Be\u015fikta\u015f \/ \u0130STANBUL +90 212 287 57 75 (pbx) fertijin@fertijin.com.tr Biz Buraday\u0131z, Size Yard\u0131m Etmek \u0130\u00e7in Haz\u0131r\u0131z FertiJin T\u00fcp Bebek Merkezi olarak, akl\u0131n\u0131zdaki t\u00fcm sorulara yan\u0131t vermek ve size en do\u011fru deste\u011fi sunmak [&hellip;]<\/p>\n","protected":false},"author":1,"featured_media":0,"parent":0,"menu_order":0,"comment_status":"closed","ping_status":"closed","template":"","meta":{"_acf_changed":false,"footnotes":""},"class_list":["post-2142","page","type-page","status-publish","hentry"],"acf":[],"_links":{"self":[{"href":"https:\/\/fideshealth.com\/fertijin\/wp-json\/wp\/v2\/pages\/2142","targetHints":{"allow":["GET"]}}],"collection":[{"href":"https:\/\/fideshealth.com\/fertijin\/wp-json\/wp\/v2\/pages"}],"about":[{"href":"https:\/\/fideshealth.com\/fertijin\/wp-json\/wp\/v2\/types\/page"}],"author":[{"embeddable":true,"href":"https:\/\/fideshealth.com\/fertijin\/wp-json\/wp\/v2\/users\/1"}],"replies":[{"embeddable":true,"href":"https:\/\/fideshealth.com\/fertijin\/wp-json\/wp\/v2\/comments?post=2142"}],"version-history":[{"count":0,"href":"https:\/\/fideshealth.com\/fertijin\/wp-json\/wp\/v2\/pages\/2142\/revisions"}],"wp:attachment":[{"href":"https:\/\/fideshealth.com\/fertijin\/wp-json\/wp\/v2\/media?parent=2142"}],"curies":[{"name":"wp","href":"https:\/\/api.w.org\/{rel}","templated":true}]}}